Last updated on 2020-03-27 00:49:16 CET.
Flavor | Version | Tinstall | Tcheck | Ttotal | Status | Flags |
---|---|---|---|---|---|---|
r-devel-linux-x86_64-debian-clang | 2.3.2 | 20.79 | 225.93 | 246.72 | OK | |
r-devel-linux-x86_64-debian-gcc | 2.3.2 | 16.16 | 166.82 | 182.98 | OK | |
r-devel-linux-x86_64-fedora-clang | 2.3.2 | 281.83 | NOTE | |||
r-devel-linux-x86_64-fedora-gcc | 2.3.2 | 273.89 | OK | |||
r-devel-windows-ix86+x86_64 | 2.3.2 | 40.00 | 234.00 | 274.00 | OK | |
r-devel-windows-ix86+x86_64-gcc8 | 2.3.2 | 46.00 | 264.00 | 310.00 | OK | |
r-patched-linux-x86_64 | 2.3.2 | 16.38 | 202.34 | 218.72 | OK | |
r-patched-solaris-x86 | 2.3.2 | 419.50 | NOTE | |||
r-release-linux-x86_64 | 2.3.2 | 15.10 | 202.43 | 217.53 | OK | |
r-release-windows-ix86+x86_64 | 2.3.2 | 64.00 | 357.00 | 421.00 | OK | |
r-release-osx-x86_64 | 2.3.2 | OK | ||||
r-oldrel-windows-ix86+x86_64 | 2.3.2 | 39.00 | 373.00 | 412.00 | OK | |
r-oldrel-osx-x86_64 | 2.3.2 | OK |
Version: 2.3.2
Check: package dependencies
Result: NOTE
Imports includes 21 non-default packages.
Importing from so many packages makes the package vulnerable to any of
them becoming unavailable. Move as many as possible to Suggests and
use conditionally.
Flavor: r-devel-linux-x86_64-fedora-clang
Version: 2.3.2
Check: installed package size
Result: NOTE
installed size is 5.0Mb
sub-directories of 1Mb or more:
data 2.0Mb
doc 1.9Mb
Flavors: r-devel-linux-x86_64-fedora-clang, r-patched-solaris-x86