Last updated on 2020-03-27 00:49:16 CET.
Flavor | Version | Tinstall | Tcheck | Ttotal | Status | Flags |
---|---|---|---|---|---|---|
r-devel-linux-x86_64-debian-clang | 2.14 | 30.10 | 235.94 | 266.04 | OK | |
r-devel-linux-x86_64-debian-gcc | 2.14 | 23.46 | 166.29 | 189.75 | OK | |
r-devel-linux-x86_64-fedora-clang | 2.14 | 310.48 | OK | |||
r-devel-linux-x86_64-fedora-gcc | 2.14 | 288.21 | OK | |||
r-devel-windows-ix86+x86_64 | 2.14 | 53.00 | 264.00 | 317.00 | NOTE | |
r-devel-windows-ix86+x86_64-gcc8 | 2.14 | 53.00 | 284.00 | 337.00 | NOTE | |
r-patched-linux-x86_64 | 2.14 | 21.07 | 198.38 | 219.45 | OK | |
r-patched-solaris-x86 | 2.14 | 372.00 | OK | |||
r-release-linux-x86_64 | 2.14 | 23.09 | 199.88 | 222.97 | OK | |
r-release-windows-ix86+x86_64 | 2.14 | 73.00 | 351.00 | 424.00 | NOTE | |
r-release-osx-x86_64 | 2.14 | OK | ||||
r-oldrel-windows-ix86+x86_64 | 2.14 | 62.00 | 319.00 | 381.00 | NOTE | |
r-oldrel-osx-x86_64 | 2.14 | OK |
Version: 2.14
Check: installed package size
Result: NOTE
installed size is 5.3Mb
sub-directories of 1Mb or more:
doc 2.9Mb
libs 1.5Mb
Flavors: r-devel-windows-ix86+x86_64, r-devel-windows-ix86+x86_64-gcc8, r-release-windows-ix86+x86_64, r-oldrel-windows-ix86+x86_64