CRAN Package Check Results for Package birtr

Last updated on 2020-03-27 00:49:16 CET.

Flavor Version Tinstall Tcheck Ttotal Status Flags
r-devel-linux-x86_64-debian-clang 1.0.0 2.05 20.38 22.43 OK
r-devel-linux-x86_64-debian-gcc 1.0.0 1.88 16.28 18.16 OK
r-devel-linux-x86_64-fedora-clang 1.0.0 29.85 OK
r-devel-linux-x86_64-fedora-gcc 1.0.0 27.25 OK
r-devel-windows-ix86+x86_64 1.0.0 7.00 31.00 38.00 OK
r-devel-windows-ix86+x86_64-gcc8 1.0.0 6.00 31.00 37.00 OK
r-patched-linux-x86_64 1.0.0 1.63 19.02 20.65 NOTE
r-patched-solaris-x86 1.0.0 46.20 OK
r-release-linux-x86_64 1.0.0 1.70 19.04 20.74 NOTE
r-release-windows-ix86+x86_64 1.0.0 19.00 47.00 66.00 OK
r-release-osx-x86_64 1.0.0 OK
r-oldrel-windows-ix86+x86_64 1.0.0 5.00 47.00 52.00 OK
r-oldrel-osx-x86_64 1.0.0 OK

Check Details

Version: 1.0.0
Check: DESCRIPTION meta-information
Result: NOTE
    Dependence on R version ‘3.4.1’ not with patchlevel 0
Flavors: r-patched-linux-x86_64, r-release-linux-x86_64