Last updated on 2020-03-27 00:49:16 CET.
Flavor | Version | Tinstall | Tcheck | Ttotal | Status | Flags |
---|---|---|---|---|---|---|
r-devel-linux-x86_64-debian-clang | 2.1.1 | 12.34 | 156.95 | 169.29 | OK | |
r-devel-linux-x86_64-debian-gcc | 2.1.1 | 8.95 | 120.82 | 129.77 | OK | |
r-devel-linux-x86_64-fedora-clang | 2.1.1 | 209.04 | OK | |||
r-devel-linux-x86_64-fedora-gcc | 2.1.1 | 204.37 | OK | |||
r-devel-windows-ix86+x86_64 | 2.1.1 | 23.00 | 157.00 | 180.00 | OK | |
r-devel-windows-ix86+x86_64-gcc8 | 2.1.1 | 21.00 | 161.00 | 182.00 | OK | |
r-patched-linux-x86_64 | 2.1.1 | 9.51 | 140.07 | 149.58 | OK | |
r-patched-solaris-x86 | 2.1.1 | 336.90 | NOTE | |||
r-release-linux-x86_64 | 2.1.1 | 9.39 | 141.55 | 150.94 | OK | |
r-release-windows-ix86+x86_64 | 2.1.1 | 28.00 | 210.00 | 238.00 | OK | |
r-release-osx-x86_64 | 2.1.1 | WARN | ||||
r-oldrel-windows-ix86+x86_64 | 2.1.1 | 16.00 | 219.00 | 235.00 | OK | |
r-oldrel-osx-x86_64 | 2.1.1 | WARN |
Version: 2.1.1
Check: installed package size
Result: NOTE
installed size is 5.2Mb
sub-directories of 1Mb or more:
extdata 4.0Mb
Flavor: r-patched-solaris-x86
Version: 2.1.1
Check: for executable files
Result: WARN
Found the following executable file:
inst/extdata/awt.gri
Source packages should not contain undeclared executable files.
See section ‘Package structure’ in the ‘Writing R Extensions’ manual.
Flavors: r-release-osx-x86_64, r-oldrel-osx-x86_64