Last updated on 2020-03-27 00:49:16 CET.
Flavor | Version | Tinstall | Tcheck | Ttotal | Status | Flags |
---|---|---|---|---|---|---|
r-devel-linux-x86_64-debian-clang | 0.9.0 | 4.98 | 59.89 | 64.87 | OK | |
r-devel-linux-x86_64-debian-gcc | 0.9.0 | 3.73 | 46.04 | 49.77 | OK | |
r-devel-linux-x86_64-fedora-clang | 0.9.0 | 75.59 | OK | |||
r-devel-linux-x86_64-fedora-gcc | 0.9.0 | 74.61 | OK | |||
r-devel-windows-ix86+x86_64 | 0.9.0 | 9.00 | 72.00 | 81.00 | OK | |
r-devel-windows-ix86+x86_64-gcc8 | 0.9.0 | 11.00 | 77.00 | 88.00 | OK | |
r-patched-linux-x86_64 | 0.9.0 | 3.95 | 53.02 | 56.97 | OK | |
r-patched-solaris-x86 | 0.9.0 | 132.40 | OK | |||
r-release-linux-x86_64 | 0.9.0 | 3.72 | 53.42 | 57.14 | OK | |
r-release-windows-ix86+x86_64 | 0.9.0 | 14.00 | 112.00 | 126.00 | OK | |
r-release-osx-x86_64 | 0.9.0 | NOTE | ||||
r-oldrel-windows-ix86+x86_64 | 0.9.0 | 10.00 | 112.00 | 122.00 | OK | |
r-oldrel-osx-x86_64 | 0.9.0 | NOTE |
Version: 0.9.0
Check: package dependencies
Result: NOTE
Package suggested but not available for checking: ‘sangerseqR’
Flavors: r-release-osx-x86_64, r-oldrel-osx-x86_64