CRAN Package Check Results for Package brainGraph

Last updated on 2020-03-27 00:49:16 CET.

Flavor Version Tinstall Tcheck Ttotal Status Flags
r-devel-linux-x86_64-debian-clang 2.7.3 25.07 149.54 174.61 OK
r-devel-linux-x86_64-debian-gcc 2.7.3 18.04 110.92 128.96 OK
r-devel-linux-x86_64-fedora-clang 2.7.3 205.69 OK
r-devel-linux-x86_64-fedora-gcc 2.7.3 194.11 OK
r-devel-windows-ix86+x86_64 2.7.3 41.00 151.00 192.00 OK
r-devel-windows-ix86+x86_64-gcc8 2.7.3 52.00 149.00 201.00 OK
r-patched-linux-x86_64 2.7.3 19.19 127.00 146.19 OK
r-patched-solaris-x86 2.7.3 298.60 OK
r-release-linux-x86_64 2.7.3 18.26 127.72 145.98 OK
r-release-windows-ix86+x86_64 2.7.3 38.00 206.00 244.00 OK
r-release-osx-x86_64 2.7.3 NOTE
r-oldrel-windows-ix86+x86_64 2.7.3 42.00 214.00 256.00 OK
r-oldrel-osx-x86_64 2.7.3 NOTE

Check Details

Version: 2.7.3
Check: dependencies in R code
Result: NOTE
    No protocol specified
    
    (R:60058): Gtk-WARNING **: gtk_disable_setlocale() must be called before gtk_init()
    No protocol specified
Flavor: r-release-osx-x86_64

Version: 2.7.3
Check: dependencies in R code
Result: NOTE
    No protocol specified
    
    (R:96230): Gtk-WARNING **: gtk_disable_setlocale() must be called before gtk_init()
    No protocol specified
Flavor: r-oldrel-osx-x86_64