CRAN Package Check Results for Package briqr

Last updated on 2020-03-27 00:49:16 CET.

Flavor Version Tinstall Tcheck Ttotal Status Flags
r-devel-linux-x86_64-debian-clang 0.1.0 1.94 21.35 23.29 OK
r-devel-linux-x86_64-debian-gcc 0.1.0 1.64 16.85 18.49 OK
r-devel-linux-x86_64-fedora-clang 0.1.0 29.49 OK
r-devel-linux-x86_64-fedora-gcc 0.1.0 27.94 OK
r-devel-windows-ix86+x86_64 0.1.0 6.00 35.00 41.00 OK
r-devel-windows-ix86+x86_64-gcc8 0.1.0 5.00 35.00 40.00 OK
r-patched-linux-x86_64 0.1.0 1.55 19.56 21.11 OK
r-patched-solaris-x86 0.1.0 45.60 OK
r-release-linux-x86_64 0.1.0 1.53 19.76 21.29 OK
r-release-windows-ix86+x86_64 0.1.0 8.00 45.00 53.00 OK
r-release-osx-x86_64 0.1.0 OK
r-oldrel-osx-x86_64 0.1.0 ERROR

Check Details

Version: 0.1.0
Check: whether package can be installed
Result: ERROR
    Installation failed.
Flavor: r-oldrel-osx-x86_64