CRAN Package Check Results for Package bsplus

Last updated on 2020-03-27 00:49:16 CET.

Flavor Version Tinstall Tcheck Ttotal Status Flags
r-devel-linux-x86_64-debian-clang 0.1.1 3.85 37.40 41.25 OK
r-devel-linux-x86_64-debian-gcc 0.1.1 3.59 29.53 33.12 OK
r-devel-linux-x86_64-fedora-clang 0.1.1 51.34 NOTE
r-devel-linux-x86_64-fedora-gcc 0.1.1 47.84 NOTE
r-devel-windows-ix86+x86_64 0.1.1 8.00 48.00 56.00 OK
r-devel-windows-ix86+x86_64-gcc8 0.1.1 10.00 49.00 59.00 OK
r-patched-linux-x86_64 0.1.1 2.93 33.69 36.62 OK
r-patched-solaris-x86 0.1.1 79.10 NOTE
r-release-linux-x86_64 0.1.1 3.55 33.73 37.28 OK
r-release-windows-ix86+x86_64 0.1.1 11.00 69.00 80.00 OK
r-release-osx-x86_64 0.1.1 NOTE
r-oldrel-windows-ix86+x86_64 0.1.1 9.00 77.00 86.00 OK
r-oldrel-osx-x86_64 0.1.1 NOTE

Check Details

Version: 0.1.1
Check: dependencies in R code
Result: NOTE
    Namespace in Imports field not imported from: ‘methods’
     All declared Imports should be used.
Flavors: r-devel-linux-x86_64-fedora-clang, r-devel-linux-x86_64-fedora-gcc, r-patched-solaris-x86, r-release-osx-x86_64, r-oldrel-osx-x86_64