Last updated on 2020-03-27 00:49:16 CET.
Flavor | Version | Tinstall | Tcheck | Ttotal | Status | Flags |
---|---|---|---|---|---|---|
r-devel-linux-x86_64-debian-clang | 0.3-17 | 11.59 | 140.30 | 151.89 | OK | |
r-devel-linux-x86_64-debian-gcc | 0.3-17 | 10.81 | 105.91 | 116.72 | OK | |
r-devel-linux-x86_64-fedora-clang | 0.3-17 | 188.76 | NOTE | |||
r-devel-linux-x86_64-fedora-gcc | 0.3-17 | 175.40 | NOTE | |||
r-devel-windows-ix86+x86_64 | 0.3-17 | 24.00 | 162.00 | 186.00 | OK | |
r-devel-windows-ix86+x86_64-gcc8 | 0.3-17 | 21.00 | 162.00 | 183.00 | OK | |
r-patched-linux-x86_64 | 0.3-17 | 9.16 | 125.39 | 134.55 | OK | |
r-patched-solaris-x86 | 0.3-17 | 248.20 | OK | |||
r-release-linux-x86_64 | 0.3-17 | 9.87 | 122.90 | 132.77 | OK | |
r-release-windows-ix86+x86_64 | 0.3-17 | 31.00 | 216.00 | 247.00 | OK | |
r-release-osx-x86_64 | 0.3-17 | OK | ||||
r-oldrel-windows-ix86+x86_64 | 0.3-17 | 23.00 | 224.00 | 247.00 | OK | |
r-oldrel-osx-x86_64 | 0.3-17 | OK |
Version: 0.3-17
Check: top-level files
Result: NOTE
‘cleanup’: /bin/bash is not portable
Flavors: r-devel-linux-x86_64-fedora-clang, r-devel-linux-x86_64-fedora-gcc