CRAN Package Check Results for Package bvartools

Last updated on 2020-03-27 00:49:17 CET.

Flavor Version Tinstall Tcheck Ttotal Status Flags
r-devel-linux-x86_64-debian-clang 0.0.2 153.63 150.99 304.62 OK
r-devel-linux-x86_64-debian-gcc 0.0.2 96.18 111.87 208.05 OK
r-devel-linux-x86_64-fedora-clang 0.0.2 383.96 NOTE
r-devel-linux-x86_64-fedora-gcc 0.0.2 357.74 OK
r-devel-windows-ix86+x86_64 0.0.2 237.00 185.00 422.00 OK
r-devel-windows-ix86+x86_64-gcc8 0.0.2 271.00 188.00 459.00 OK
r-patched-linux-x86_64 0.0.2 112.49 134.02 246.51 OK
r-patched-solaris-x86 0.0.2 381.10 OK
r-release-linux-x86_64 0.0.2 111.16 132.87 244.03 OK
r-release-windows-ix86+x86_64 0.0.2 340.00 232.00 572.00 OK
r-release-osx-x86_64 0.0.2 NOTE
r-oldrel-windows-ix86+x86_64 0.0.2 331.00 227.00 558.00 OK
r-oldrel-osx-x86_64 0.0.2 NOTE

Check Details

Version: 0.0.2
Check: installed package size
Result: NOTE
     installed size is 7.9Mb
     sub-directories of 1Mb or more:
     libs 7.1Mb
Flavors: r-devel-linux-x86_64-fedora-clang, r-release-osx-x86_64, r-oldrel-osx-x86_64