CRAN Package Check Results for Package caTools

Last updated on 2020-03-27 00:49:17 CET.

Flavor Version Tinstall Tcheck Ttotal Status Flags
r-devel-linux-x86_64-debian-clang 1.18.0 6.01 32.82 38.83 OK
r-devel-linux-x86_64-debian-gcc 1.18.0 4.48 25.16 29.64 OK
r-devel-linux-x86_64-fedora-clang 1.18.0 48.50 OK
r-devel-linux-x86_64-fedora-gcc 1.18.0 44.95 OK
r-devel-windows-ix86+x86_64 1.18.0 13.00 63.00 76.00 OK
r-devel-windows-ix86+x86_64-gcc8 1.18.0 15.00 68.00 83.00 OK
r-patched-linux-x86_64 1.18.0 4.64 29.93 34.57 OK
r-patched-solaris-x86 1.18.0 65.20 OK
r-release-linux-x86_64 1.18.0 4.36 29.62 33.98 OK
r-release-windows-ix86+x86_64 1.18.0 33.00 68.00 101.00 OK
r-release-osx-x86_64 1.18.0 OK
r-oldrel-windows-ix86+x86_64 1.17.1.4 17.00 78.00 95.00 OK
r-oldrel-osx-x86_64 1.18.0 ERROR

Check Details

Version: 1.18.0
Check: whether package can be installed
Result: ERROR
    Installation failed.
Flavor: r-oldrel-osx-x86_64