Last updated on 2020-03-27 00:49:17 CET.
Flavor | Version | Tinstall | Tcheck | Ttotal | Status | Flags |
---|---|---|---|---|---|---|
r-devel-linux-x86_64-debian-clang | 0.7.4 | 6.52 | 44.40 | 50.92 | OK | |
r-devel-linux-x86_64-debian-gcc | 0.7.4 | 5.41 | 33.82 | 39.23 | OK | |
r-devel-linux-x86_64-fedora-clang | 0.7.4 | 61.97 | NOTE | |||
r-devel-linux-x86_64-fedora-gcc | 0.7.4 | 56.79 | NOTE | |||
r-devel-windows-ix86+x86_64 | 0.7.4 | 18.00 | 56.00 | 74.00 | OK | |
r-devel-windows-ix86+x86_64-gcc8 | 0.7.4 | 17.00 | 58.00 | 75.00 | OK | |
r-patched-linux-x86_64 | 0.7.4 | 5.02 | 38.93 | 43.95 | OK | |
r-patched-solaris-x86 | 0.7.4 | 87.80 | NOTE | |||
r-release-linux-x86_64 | 0.7.4 | 4.85 | 38.72 | 43.57 | OK | |
r-release-windows-ix86+x86_64 | 0.7.4 | 23.00 | 80.00 | 103.00 | OK | |
r-release-osx-x86_64 | 0.7.4 | NOTE | ||||
r-oldrel-windows-ix86+x86_64 | 0.7.4 | 19.00 | 84.00 | 103.00 | OK | |
r-oldrel-osx-x86_64 | 0.7.4 | NOTE |
Version: 0.7.4
Check: dependencies in R code
Result: NOTE
Namespace in Imports field not imported from: ‘gamlss.dist’
All declared Imports should be used.
Flavors: r-devel-linux-x86_64-fedora-clang, r-devel-linux-x86_64-fedora-gcc, r-patched-solaris-x86, r-release-osx-x86_64, r-oldrel-osx-x86_64
Version: 0.7.4
Check: data for non-ASCII characters
Result: NOTE
Note: found 27 marked UTF-8 strings
Flavors: r-devel-linux-x86_64-fedora-clang, r-devel-linux-x86_64-fedora-gcc, r-patched-solaris-x86, r-release-osx-x86_64, r-oldrel-osx-x86_64