Last updated on 2020-03-27 00:49:17 CET.
Flavor | Version | Tinstall | Tcheck | Ttotal | Status | Flags |
---|---|---|---|---|---|---|
r-devel-linux-x86_64-debian-clang | 0.1.9.4 | 6.52 | 42.33 | 48.85 | OK | |
r-devel-linux-x86_64-debian-gcc | 0.1.9.4 | 6.58 | 35.15 | 41.73 | OK | |
r-devel-linux-x86_64-fedora-clang | 0.1.9.4 | 64.05 | NOTE | |||
r-devel-linux-x86_64-fedora-gcc | 0.1.9.4 | 60.27 | NOTE | |||
r-devel-windows-ix86+x86_64 | 0.1.9.4 | 15.00 | 52.00 | 67.00 | OK | |
r-devel-windows-ix86+x86_64-gcc8 | 0.1.9.3 | 15.00 | 55.00 | 70.00 | OK | |
r-patched-linux-x86_64 | 0.1.9.4 | 6.27 | 38.95 | 45.22 | OK | |
r-patched-solaris-x86 | 0.1.9.4 | 97.90 | NOTE | |||
r-release-linux-x86_64 | 0.1.9.4 | 6.25 | 39.24 | 45.49 | OK | |
r-release-windows-ix86+x86_64 | 0.1.9.4 | 20.00 | 73.00 | 93.00 | OK | |
r-release-osx-x86_64 | 0.1.9.4 | NOTE | ||||
r-oldrel-windows-ix86+x86_64 | 0.1.9.4 | 14.00 | 76.00 | 90.00 | OK | |
r-oldrel-osx-x86_64 | 0.1.9.4 | NOTE |
Version: 0.1.9.4
Check: dependencies in R code
Result: NOTE
Namespace in Imports field not imported from: ‘forcats’
All declared Imports should be used.
Flavors: r-devel-linux-x86_64-fedora-clang, r-devel-linux-x86_64-fedora-gcc, r-patched-solaris-x86, r-release-osx-x86_64, r-oldrel-osx-x86_64
Version: 0.1.9.4
Check: data for non-ASCII characters
Result: NOTE
Note: found 4004 marked UTF-8 strings
Flavors: r-devel-linux-x86_64-fedora-clang, r-devel-linux-x86_64-fedora-gcc, r-patched-solaris-x86, r-release-osx-x86_64, r-oldrel-osx-x86_64