CRAN Package Check Results for Package classifierplots

Last updated on 2020-03-27 00:49:17 CET.

Flavor Version Tinstall Tcheck Ttotal Status Flags
r-devel-linux-x86_64-debian-clang 1.3.3 15.51 109.66 125.17 OK
r-devel-linux-x86_64-debian-gcc 1.3.3 11.37 83.45 94.82 OK
r-devel-linux-x86_64-fedora-clang 1.3.3 150.95 NOTE
r-devel-linux-x86_64-fedora-gcc 1.3.3 141.41 NOTE
r-devel-windows-ix86+x86_64 1.3.3 23.00 112.00 135.00 OK
r-devel-windows-ix86+x86_64-gcc8 1.3.3 34.00 122.00 156.00 OK
r-patched-linux-x86_64 1.3.3 11.46 95.05 106.51 OK
r-patched-solaris-x86 1.3.3 229.80 NOTE
r-release-linux-x86_64 1.3.3 11.75 95.04 106.79 OK
r-release-windows-ix86+x86_64 1.3.3 28.00 164.00 192.00 OK
r-release-osx-x86_64 1.3.3 NOTE
r-oldrel-windows-ix86+x86_64 1.3.3 30.00 160.00 190.00 OK
r-oldrel-osx-x86_64 1.3.3 NOTE

Check Details

Version: 1.3.3
Check: dependencies in R code
Result: NOTE
    Namespace in Imports field not imported from: ‘Rcpp’
     All declared Imports should be used.
Flavors: r-devel-linux-x86_64-fedora-clang, r-devel-linux-x86_64-fedora-gcc, r-patched-solaris-x86, r-release-osx-x86_64, r-oldrel-osx-x86_64