CRAN Package Check Results for Package clere

Last updated on 2020-03-27 00:49:17 CET.

Flavor Version Tinstall Tcheck Ttotal Status Flags
r-devel-linux-x86_64-debian-clang 1.2.0 115.75 59.81 175.56 OK
r-devel-linux-x86_64-debian-gcc 1.2.0 85.44 46.14 131.58 OK
r-devel-linux-x86_64-fedora-clang 1.2.0 246.97 NOTE
r-devel-linux-x86_64-fedora-gcc 1.2.0 233.82 OK
r-devel-windows-ix86+x86_64 1.2.0 162.00 111.00 273.00 OK
r-devel-windows-ix86+x86_64-gcc8 1.2.0 201.00 127.00 328.00 OK
r-patched-linux-x86_64 1.2.0 102.43 60.14 162.57 OK
r-patched-solaris-x86 1.2.0 225.80 OK
r-release-linux-x86_64 1.2.0 98.33 60.13 158.46 OK
r-release-windows-ix86+x86_64 1.2.0 230.00 147.00 377.00 OK
r-release-osx-x86_64 1.2.0 NOTE
r-oldrel-windows-ix86+x86_64 1.2.0 207.00 144.00 351.00 OK
r-oldrel-osx-x86_64 1.2.0 NOTE

Check Details

Version: 1.2.0
Check: installed package size
Result: NOTE
     installed size is 22.5Mb
     sub-directories of 1Mb or more:
     libs 21.6Mb
Flavors: r-devel-linux-x86_64-fedora-clang, r-release-osx-x86_64, r-oldrel-osx-x86_64