CRAN Package Check Results for Package climate

Last updated on 2020-03-27 00:49:17 CET.

Flavor Version Tinstall Tcheck Ttotal Status Flags
r-devel-linux-x86_64-debian-clang 0.9.2 5.46 42.98 48.44 WARN
r-devel-linux-x86_64-debian-gcc 0.9.2 4.44 39.57 44.01 OK
r-devel-linux-x86_64-fedora-clang 0.9.2 68.40 OK
r-devel-linux-x86_64-fedora-gcc 0.9.2 64.25 OK
r-devel-windows-ix86+x86_64 0.9.1 17.00 67.00 84.00 OK
r-devel-windows-ix86+x86_64-gcc8 0.9.1 10.00 74.00 84.00 OK
r-patched-linux-x86_64 0.9.2 4.88 44.03 48.91 OK
r-patched-solaris-x86 0.9.2 97.50 OK
r-release-linux-x86_64 0.9.2 4.20 44.64 48.84 OK
r-release-windows-ix86+x86_64 0.9.2 22.00 95.00 117.00 OK
r-release-osx-x86_64 0.9.2 WARN
r-oldrel-windows-ix86+x86_64 0.9.2 6.00 70.00 76.00 OK
r-oldrel-osx-x86_64 0.9.2 WARN

Additional issues

donttest

Check Details

Version: 0.9.2
Check: re-building of vignette outputs
Result: WARN
    Error(s) in re-building vignettes:
     ...
    --- re-building 'getstarted.Rmd' using rmarkdown
    trying URL 'https://dane.imgw.pl/data/dane_pomiarowo_obserwacyjne/dane_hydrologiczne/miesieczne/2001/mies_2001.zip'
    Content type 'application/zip' length 254395 bytes (248 KB)
    ==================================================
    downloaded 248 KB
    
    Quitting from lines 77-79 (getstarted.Rmd)
    Error: processing vignette 'getstarted.Rmd' failed with diagnostics:
    'names' attribute [10] must be the same length as the vector [2]
    --- failed re-building 'getstarted.Rmd'
    
    SUMMARY: processing the following file failed:
     'getstarted.Rmd'
    
    Error: Vignette re-building failed.
    Execution halted
Flavor: r-devel-linux-x86_64-debian-clang

Version: 0.9.2
Check: re-building of vignette outputs
Result: WARN
    Error(s) in re-building vignettes:
     ...
    --- re-building ‘getstarted.Rmd’ using rmarkdown
    Warning in engine$weave(file, quiet = quiet, encoding = enc) :
     Pandoc (>= 1.12.3) and/or pandoc-citeproc not available. Falling back to R Markdown v1.
    Quitting from lines 77-79 (getstarted.Rmd)
    Error: processing vignette 'getstarted.Rmd' failed with diagnostics:
    cannot open the connection to 'https://dane.imgw.pl/data/dane_pomiarowo_obserwacyjne/dane_hydrologiczne/miesieczne/mies_info.txt'
    --- failed re-building ‘getstarted.Rmd’
    
    SUMMARY: processing the following file failed:
     ‘getstarted.Rmd’
    
    Error: Vignette re-building failed.
    Execution halted
Flavor: r-release-osx-x86_64

Version: 0.9.2
Check: re-building of vignette outputs
Result: WARN
    Error in re-building vignettes:
     ...
    Warning in engine$weave(file, quiet = quiet, encoding = enc) :
     Pandoc (>= 1.12.3) and/or pandoc-citeproc not available. Falling back to R Markdown v1.
    Quitting from lines 77-79 (getstarted.Rmd)
    Error: processing vignette 'getstarted.Rmd' failed with diagnostics:
    cannot open the connection to 'https://dane.imgw.pl/data/dane_pomiarowo_obserwacyjne/dane_hydrologiczne/miesieczne/mies_info.txt'
    Execution halted
Flavor: r-oldrel-osx-x86_64