CRAN Package Check Results for Package cofeatureR

Last updated on 2020-03-27 00:49:17 CET.

Flavor Version Tinstall Tcheck Ttotal Status Flags
r-devel-linux-x86_64-debian-clang 1.1.1 1.88 21.74 23.62 OK
r-devel-linux-x86_64-debian-gcc 1.1.1 1.64 17.11 18.75 OK
r-devel-linux-x86_64-fedora-clang 1.1.1 29.76 NOTE
r-devel-linux-x86_64-fedora-gcc 1.1.1 28.02 NOTE
r-devel-windows-ix86+x86_64 1.1.1 8.00 32.00 40.00 OK
r-devel-windows-ix86+x86_64-gcc8 1.1.1 7.00 36.00 43.00 OK
r-patched-linux-x86_64 1.1.1 1.64 19.58 21.22 OK
r-patched-solaris-x86 1.1.1 46.00 NOTE
r-release-linux-x86_64 1.1.1 1.51 19.67 21.18 OK
r-release-windows-ix86+x86_64 1.1.1 9.00 49.00 58.00 OK
r-release-osx-x86_64 1.1.1 NOTE
r-oldrel-windows-ix86+x86_64 1.1.1 6.00 45.00 51.00 OK
r-oldrel-osx-x86_64 1.1.1 NOTE

Check Details

Version: 1.1.1
Check: dependencies in R code
Result: NOTE
    Namespace in Imports field not imported from: ‘tibble’
     All declared Imports should be used.
Flavors: r-devel-linux-x86_64-fedora-clang, r-devel-linux-x86_64-fedora-gcc, r-patched-solaris-x86, r-release-osx-x86_64, r-oldrel-osx-x86_64