Last updated on 2020-03-27 00:49:18 CET.
Flavor | Version | Tinstall | Tcheck | Ttotal | Status | Flags |
---|---|---|---|---|---|---|
r-devel-linux-x86_64-debian-clang | 1.0.3 | 7.93 | 74.32 | 82.25 | NOTE | |
r-devel-linux-x86_64-debian-gcc | 1.0.3 | 7.36 | 55.26 | 62.62 | NOTE | |
r-devel-linux-x86_64-fedora-clang | 1.0.3 | 97.42 | NOTE | |||
r-devel-linux-x86_64-fedora-gcc | 1.0.3 | 93.10 | NOTE | |||
r-devel-windows-ix86+x86_64 | 1.0.3 | 16.00 | 77.00 | 93.00 | NOTE | |
r-devel-windows-ix86+x86_64-gcc8 | 1.0.3 | 19.00 | 82.00 | 101.00 | NOTE | |
r-patched-linux-x86_64 | 1.0.3 | 7.68 | 62.07 | 69.75 | NOTE | |
r-patched-solaris-x86 | 1.0.3 | 141.70 | NOTE | |||
r-release-linux-x86_64 | 1.0.3 | 6.43 | 61.32 | 67.75 | NOTE | |
r-release-windows-ix86+x86_64 | 1.0.3 | 24.00 | 116.00 | 140.00 | NOTE | |
r-release-osx-x86_64 | 1.0.3 | NOTE | ||||
r-oldrel-windows-ix86+x86_64 | 1.0.3 | 14.00 | 107.00 | 121.00 | NOTE | |
r-oldrel-osx-x86_64 | 1.0.3 | NOTE |
Version: 1.0.3
Check: package dependencies
Result: NOTE
Package suggested but not available for checking: 'inSilicoDb'
Flavors: r-devel-linux-x86_64-debian-clang, r-devel-linux-x86_64-debian-gcc, r-devel-linux-x86_64-fedora-clang, r-devel-linux-x86_64-fedora-gcc, r-devel-windows-ix86+x86_64, r-devel-windows-ix86+x86_64-gcc8, r-patched-linux-x86_64, r-patched-solaris-x86, r-release-linux-x86_64, r-release-windows-ix86+x86_64, r-oldrel-windows-ix86+x86_64
Version: 1.0.3
Check: package dependencies
Result: NOTE
Packages suggested but not available for checking:
'inSilicoDb', 'mogene10sttranscriptcluster.db'
Flavor: r-release-osx-x86_64
Version: 1.0.3
Check: package dependencies
Result: NOTE
Packages suggested but not available for checking:
‘inSilicoDb’ ‘mogene10sttranscriptcluster.db’
Flavor: r-oldrel-osx-x86_64