CRAN Package Check Results for Package concurve

Last updated on 2020-03-27 00:49:18 CET.

Flavor Version Tinstall Tcheck Ttotal Status Flags
r-devel-linux-x86_64-debian-clang 2.3.0 14.22 201.24 215.46 OK
r-devel-linux-x86_64-debian-gcc 2.3.0 11.68 150.24 161.92 OK
r-devel-linux-x86_64-fedora-clang 2.3.0 251.89 NOTE
r-devel-linux-x86_64-fedora-gcc 2.3.0 237.71 NOTE
r-devel-windows-ix86+x86_64 2.3.0 31.00 417.00 448.00 OK
r-devel-windows-ix86+x86_64-gcc8 2.3.0 36.00 1013.00 1049.00 OK
r-patched-linux-x86_64 2.3.0 12.33 181.04 193.37 OK
r-patched-solaris-x86 2.3.0 341.90 NOTE
r-release-linux-x86_64 2.3.0 10.89 176.84 187.73 OK
r-release-windows-ix86+x86_64 2.3.0 44.00 513.00 557.00 OK
r-release-osx-x86_64 2.3.0 NOTE
r-oldrel-windows-ix86+x86_64 2.3.0 25.00 526.00 551.00 OK
r-oldrel-osx-x86_64 2.3.0 NOTE

Check Details

Version: 2.3.0
Check: dependencies in R code
Result: NOTE
    Namespaces in Imports field not imported from:
     ‘MASS’ ‘compiler’ ‘rlang’
     All declared Imports should be used.
Flavors: r-devel-linux-x86_64-fedora-clang, r-devel-linux-x86_64-fedora-gcc, r-patched-solaris-x86, r-release-osx-x86_64, r-oldrel-osx-x86_64