CRAN Package Check Results for Package contoureR

Last updated on 2020-03-27 00:49:18 CET.

Flavor Version Tinstall Tcheck Ttotal Status Flags
r-devel-linux-x86_64-debian-clang 1.0.5 36.41 29.88 66.29 OK
r-devel-linux-x86_64-debian-gcc 1.0.5 23.25 24.18 47.43 OK
r-devel-linux-x86_64-fedora-clang 1.0.5 91.57 NOTE
r-devel-linux-x86_64-fedora-gcc 1.0.5 80.34 NOTE
r-devel-windows-ix86+x86_64 1.0.5 65.00 64.00 129.00 OK
r-devel-windows-ix86+x86_64-gcc8 1.0.5 66.00 80.00 146.00 OK
r-patched-linux-x86_64 1.0.5 27.90 27.82 55.72 OK
r-patched-solaris-x86 1.0.5 93.60 OK
r-release-linux-x86_64 1.0.5 28.17 28.12 56.29 OK
r-release-windows-ix86+x86_64 1.0.5 103.00 87.00 190.00 OK
r-release-osx-x86_64 1.0.5 OK
r-oldrel-windows-ix86+x86_64 1.0.5 92.00 91.00 183.00 OK
r-oldrel-osx-x86_64 1.0.5 OK

Check Details

Version: 1.0.5
Check: compiled code
Result: NOTE
    File ‘contoureR/libs/contoureR.so’:
     Found no calls to: ‘R_registerRoutines’, ‘R_useDynamicSymbols’
    
    It is good practice to register native routines and to disable symbol
    search.
    
    See ‘Writing portable packages’ in the ‘Writing R Extensions’ manual.
Flavors: r-devel-linux-x86_64-fedora-clang, r-devel-linux-x86_64-fedora-gcc