CRAN Package Check Results for Package corTest

Last updated on 2020-03-27 00:49:18 CET.

Flavor Version Tinstall Tcheck Ttotal Status Flags
r-devel-linux-x86_64-debian-clang 0.9.8 2.63 20.97 23.60 OK
r-devel-linux-x86_64-debian-gcc 0.9.8 2.06 16.34 18.40 OK
r-devel-linux-x86_64-fedora-clang 0.9.8 29.31 NOTE
r-devel-linux-x86_64-fedora-gcc 0.9.8 27.31 NOTE
r-devel-windows-ix86+x86_64 0.9.8 7.00 33.00 40.00 OK
r-devel-windows-ix86+x86_64-gcc8 0.9.8 6.00 38.00 44.00 OK
r-patched-linux-x86_64 0.9.8 1.76 19.11 20.87 OK
r-patched-solaris-x86 0.9.8 42.30 NOTE
r-release-linux-x86_64 0.9.8 2.16 19.01 21.17 OK
r-release-windows-ix86+x86_64 0.9.8 8.00 34.00 42.00 OK
r-release-osx-x86_64 0.9.8 NOTE
r-oldrel-windows-ix86+x86_64 0.9.8 4.00 44.00 48.00 OK
r-oldrel-osx-x86_64 0.9.8 NOTE

Check Details

Version: 0.9.8
Check: dependencies in R code
Result: NOTE
    Namespace in Imports field not imported from: ‘graphics’
     All declared Imports should be used.
Flavors: r-devel-linux-x86_64-fedora-clang, r-devel-linux-x86_64-fedora-gcc, r-patched-solaris-x86, r-release-osx-x86_64, r-oldrel-osx-x86_64