Last updated on 2020-03-27 00:49:18 CET.
Flavor | Version | Tinstall | Tcheck | Ttotal | Status | Flags |
---|---|---|---|---|---|---|
r-devel-linux-x86_64-debian-clang | 0.0.5 | 3.04 | 182.70 | 185.74 | OK | |
r-devel-linux-x86_64-debian-gcc | 0.0.5 | 2.29 | 133.33 | 135.62 | OK | |
r-devel-linux-x86_64-fedora-clang | 0.0.5 | 220.82 | NOTE | |||
r-devel-linux-x86_64-fedora-gcc | 0.0.5 | 215.37 | NOTE | |||
r-devel-windows-ix86+x86_64 | 0.0.5 | 9.00 | 181.00 | 190.00 | OK | |
r-devel-windows-ix86+x86_64-gcc8 | 0.0.5 | 8.00 | 235.00 | 243.00 | OK | |
r-patched-linux-x86_64 | 0.0.5 | 1.91 | 170.22 | 172.13 | OK | |
r-patched-solaris-x86 | 0.0.5 | 387.10 | NOTE | |||
r-release-linux-x86_64 | 0.0.5 | 1.93 | 170.23 | 172.16 | OK | |
r-release-windows-ix86+x86_64 | 0.0.5 | 8.00 | 260.00 | 268.00 | OK | |
r-release-osx-x86_64 | 0.0.5 | NOTE | ||||
r-oldrel-windows-ix86+x86_64 | 0.0.5 | 9.00 | 288.00 | 297.00 | OK | |
r-oldrel-osx-x86_64 | 0.0.5 | NOTE |
Version: 0.0.5
Check: dependencies in R code
Result: NOTE
Namespaces in Imports field not imported from:
‘colourpicker’ ‘dplyr’ ‘ggridges’ ‘markdown’ ‘shinyjs’ ‘tidyr’
All declared Imports should be used.
Flavors: r-devel-linux-x86_64-fedora-clang, r-devel-linux-x86_64-fedora-gcc, r-patched-solaris-x86, r-release-osx-x86_64, r-oldrel-osx-x86_64