Last updated on 2020-03-27 00:49:18 CET.
Flavor | Version | Tinstall | Tcheck | Ttotal | Status | Flags |
---|---|---|---|---|---|---|
r-devel-linux-x86_64-debian-clang | 1.0 | 9.54 | 61.20 | 70.74 | NOTE | |
r-devel-linux-x86_64-debian-gcc | 1.0 | 7.41 | 46.75 | 54.16 | NOTE | |
r-devel-linux-x86_64-fedora-clang | 1.0 | 88.00 | NOTE | |||
r-devel-linux-x86_64-fedora-gcc | 1.0 | 80.06 | NOTE | |||
r-devel-windows-ix86+x86_64 | 1.0 | 19.00 | 88.00 | 107.00 | NOTE | |
r-devel-windows-ix86+x86_64-gcc8 | 1.0 | 17.00 | 95.00 | 112.00 | NOTE | |
r-patched-linux-x86_64 | 1.0 | 7.88 | 54.59 | 62.47 | NOTE | |
r-patched-solaris-x86 | 1.0 | 131.00 | NOTE | |||
r-release-linux-x86_64 | 1.0 | 8.17 | 52.92 | 61.09 | NOTE | |
r-release-windows-ix86+x86_64 | 1.0 | 22.00 | 93.00 | 115.00 | NOTE | |
r-release-osx-x86_64 | 1.0 | NOTE | ||||
r-oldrel-windows-ix86+x86_64 | 1.0 | 16.00 | 112.00 | 128.00 | NOTE | |
r-oldrel-osx-x86_64 | 1.0 | NOTE |
Version: 1.0
Check: R code for possible problems
Result: NOTE
crrp: no visible global function definition for 'approx'
gcrrp: no visible global function definition for 'approx'
Undefined global functions or variables:
approx
Consider adding
importFrom("stats", "approx")
to your NAMESPACE file.
Flavors: r-devel-linux-x86_64-debian-clang, r-devel-linux-x86_64-debian-gcc, r-devel-linux-x86_64-fedora-clang, r-devel-linux-x86_64-fedora-gcc, r-devel-windows-ix86+x86_64, r-devel-windows-ix86+x86_64-gcc8, r-patched-linux-x86_64, r-patched-solaris-x86, r-release-linux-x86_64, r-release-windows-ix86+x86_64, r-release-osx-x86_64, r-oldrel-windows-ix86+x86_64, r-oldrel-osx-x86_64
Version: 1.0
Check: compiled code
Result: NOTE
File ‘crrp/libs/crrp.so’:
Found no calls to: ‘R_registerRoutines’, ‘R_useDynamicSymbols’
It is good practice to register native routines and to disable symbol
search.
See ‘Writing portable packages’ in the ‘Writing R Extensions’ manual.
Flavors: r-devel-linux-x86_64-fedora-clang, r-devel-linux-x86_64-fedora-gcc