CRAN Package Check Results for Package csabounds

Last updated on 2020-03-27 00:49:18 CET.

Flavor Version Tinstall Tcheck Ttotal Status Flags
r-devel-linux-x86_64-debian-clang 1.0.0 4.65 49.30 53.95 OK
r-devel-linux-x86_64-debian-gcc 1.0.0 3.87 37.33 41.20 OK
r-devel-linux-x86_64-fedora-clang 1.0.0 67.35 NOTE
r-devel-linux-x86_64-fedora-gcc 1.0.0 60.50 NOTE
r-devel-windows-ix86+x86_64 1.0.0 16.00 62.00 78.00 OK
r-devel-windows-ix86+x86_64-gcc8 1.0.0 16.00 65.00 81.00 OK
r-patched-linux-x86_64 1.0.0 3.54 43.25 46.79 OK
r-patched-solaris-x86 1.0.0 94.60 NOTE
r-release-linux-x86_64 1.0.0 3.10 43.09 46.19 OK
r-release-windows-ix86+x86_64 1.0.0 24.00 91.00 115.00 OK
r-release-osx-x86_64 1.0.0 NOTE
r-oldrel-windows-ix86+x86_64 1.0.0 18.00 88.00 106.00 OK
r-oldrel-osx-x86_64 1.0.0 NOTE

Check Details

Version: 1.0.0
Check: dependencies in R code
Result: NOTE
    Namespace in Imports field not imported from: ‘qte’
     All declared Imports should be used.
Flavors: r-devel-linux-x86_64-fedora-clang, r-devel-linux-x86_64-fedora-gcc, r-patched-solaris-x86, r-release-osx-x86_64, r-oldrel-osx-x86_64