Last updated on 2020-03-27 00:49:19 CET.
Flavor | Version | Tinstall | Tcheck | Ttotal | Status | Flags |
---|---|---|---|---|---|---|
r-devel-linux-x86_64-debian-clang | 1.1-5 | 144.01 | 102.15 | 246.16 | OK | |
r-devel-linux-x86_64-debian-gcc | 1.1-5 | 91.04 | 77.82 | 168.86 | OK | |
r-devel-linux-x86_64-fedora-clang | 1.1-5 | 339.96 | NOTE | |||
r-devel-linux-x86_64-fedora-gcc | 1.1-5 | 290.87 | OK | |||
r-devel-windows-ix86+x86_64 | 1.1-5 | 223.00 | 161.00 | 384.00 | OK | |
r-devel-windows-ix86+x86_64-gcc8 | 1.1-5 | 284.00 | 180.00 | 464.00 | OK | |
r-patched-linux-x86_64 | 1.1-5 | 111.60 | 89.80 | 201.40 | OK | |
r-patched-solaris-x86 | 1.1-5 | 319.10 | OK | |||
r-release-linux-x86_64 | 1.1-5 | 110.08 | 91.13 | 201.21 | OK | |
r-release-windows-ix86+x86_64 | 1.1-5 | 274.00 | 209.00 | 483.00 | OK | |
r-release-osx-x86_64 | 1.1-5 | NOTE | ||||
r-oldrel-windows-ix86+x86_64 | 1.1-5 | 349.00 | 202.00 | 551.00 | OK | |
r-oldrel-osx-x86_64 | 1.1-5 | NOTE |
Version: 1.1-5
Check: installed package size
Result: NOTE
installed size is 9.3Mb
sub-directories of 1Mb or more:
libs 8.1Mb
Flavors: r-devel-linux-x86_64-fedora-clang, r-release-osx-x86_64, r-oldrel-osx-x86_64