Last updated on 2020-03-27 00:49:19 CET.
Flavor | Version | Tinstall | Tcheck | Ttotal | Status | Flags |
---|---|---|---|---|---|---|
r-devel-linux-x86_64-debian-clang | 2.3-0 | 13.46 | 107.93 | 121.39 | OK | |
r-devel-linux-x86_64-debian-gcc | 2.3-0 | 12.00 | 80.90 | 92.90 | OK | |
r-devel-linux-x86_64-fedora-clang | 2.3-0 | 147.70 | OK | |||
r-devel-linux-x86_64-fedora-gcc | 2.3-0 | 138.56 | OK | |||
r-devel-windows-ix86+x86_64 | 2.3-0 | 34.00 | 119.00 | 153.00 | OK | |
r-devel-windows-ix86+x86_64-gcc8 | 2.3-0 | 28.00 | 130.00 | 158.00 | OK | |
r-patched-linux-x86_64 | 2.3-0 | 10.69 | 90.86 | 101.55 | OK | |
r-patched-solaris-x86 | 2.3-0 | 221.00 | NOTE | |||
r-release-linux-x86_64 | 2.3-0 | 12.29 | 90.83 | 103.12 | OK | |
r-release-windows-ix86+x86_64 | 2.3-0 | 37.00 | 156.00 | 193.00 | OK | |
r-release-osx-x86_64 | 2.3-0 | NOTE | ||||
r-oldrel-windows-ix86+x86_64 | 2.3-0 | 29.00 | 151.00 | 180.00 | OK | |
r-oldrel-osx-x86_64 | 2.3-0 | NOTE |
Version: 2.3-0
Check: package dependencies
Result: NOTE
Package suggested but not available for checking: ‘BRugs’
Flavors: r-patched-solaris-x86, r-release-osx-x86_64, r-oldrel-osx-x86_64