CRAN Package Check Results for Package delayed

Last updated on 2020-03-27 00:49:19 CET.

Flavor Version Tinstall Tcheck Ttotal Status Flags
r-devel-linux-x86_64-debian-clang 0.3.0 8.21 57.78 65.99 OK
r-devel-linux-x86_64-debian-gcc 0.3.0 5.54 42.07 47.61 OK
r-devel-linux-x86_64-fedora-clang 0.3.0 74.66 NOTE
r-devel-linux-x86_64-fedora-gcc 0.3.0 71.69 NOTE
r-devel-windows-ix86+x86_64 0.3.0 16.00 72.00 88.00 OK
r-devel-windows-ix86+x86_64-gcc8 0.3.0 15.00 81.00 96.00 OK
r-patched-linux-x86_64 0.3.0 5.16 49.16 54.32 OK
r-patched-solaris-x86 0.3.0 106.80 WARN
r-release-linux-x86_64 0.3.0 6.95 49.07 56.02 OK
r-release-windows-ix86+x86_64 0.3.0 18.00 112.00 130.00 OK
r-release-osx-x86_64 0.3.0 WARN
r-oldrel-windows-ix86+x86_64 0.3.0 13.00 106.00 119.00 OK
r-oldrel-osx-x86_64 0.3.0 WARN

Check Details

Version: 0.3.0
Check: dependencies in R code
Result: NOTE
    Namespace in Imports field not imported from: ‘assertthat’
     All declared Imports should be used.
Flavors: r-devel-linux-x86_64-fedora-clang, r-devel-linux-x86_64-fedora-gcc, r-patched-solaris-x86, r-release-osx-x86_64, r-oldrel-osx-x86_64

Version: 0.3.0
Check: re-building of vignette outputs
Result: WARN
    Error(s) in re-building vignettes:
     ...
    --- re-building ‘delayed.Rmd’ using rmarkdown
    Warning in engine$weave(file, quiet = quiet, encoding = enc) :
     Pandoc (>= 1.12.3) and/or pandoc-citeproc not available. Falling back to R Markdown v1.
    Quitting from lines 97-98 (delayed.Rmd)
    Error: processing vignette 'delayed.Rmd' failed with diagnostics:
    there is no package called 'webshot'
    --- failed re-building ‘delayed.Rmd’
    
    SUMMARY: processing the following file failed:
     ‘delayed.Rmd’
    
    Error: Vignette re-building failed.
    Execution halted
Flavor: r-patched-solaris-x86

Version: 0.3.0
Check: re-building of vignette outputs
Result: WARN
    Error(s) in re-building vignettes:
     ...
    --- re-building ‘delayed.Rmd’ using rmarkdown
    Warning in engine$weave(file, quiet = quiet, encoding = enc) :
     Pandoc (>= 1.12.3) and/or pandoc-citeproc not available. Falling back to R Markdown v1.
    Quitting from lines 97-98 (delayed.Rmd)
    Error: processing vignette 'delayed.Rmd' failed with diagnostics:
    cannot open the connection
    --- failed re-building ‘delayed.Rmd’
    
    SUMMARY: processing the following file failed:
     ‘delayed.Rmd’
    
    Error: Vignette re-building failed.
    Execution halted
Flavor: r-release-osx-x86_64

Version: 0.3.0
Check: re-building of vignette outputs
Result: WARN
    Error in re-building vignettes:
     ...
    Warning in engine$weave(file, quiet = quiet, encoding = enc) :
     Pandoc (>= 1.12.3) and/or pandoc-citeproc not available. Falling back to R Markdown v1.
    Quitting from lines 97-98 (delayed.Rmd)
    Error: processing vignette 'delayed.Rmd' failed with diagnostics:
    cannot open the connection
    Execution halted
Flavor: r-oldrel-osx-x86_64