CRAN Package Check Results for Package deltaPlotR

Last updated on 2020-03-27 00:49:19 CET.

Flavor Version Tinstall Tcheck Ttotal Status Flags
r-devel-linux-x86_64-debian-clang 1.6 2.49 22.47 24.96 NOTE
r-devel-linux-x86_64-debian-gcc 1.6 1.96 17.73 19.69 NOTE
r-devel-linux-x86_64-fedora-clang 1.6 31.54 NOTE
r-devel-linux-x86_64-fedora-gcc 1.6 29.70 NOTE
r-devel-windows-ix86+x86_64 1.6 7.00 32.00 39.00 OK
r-devel-windows-ix86+x86_64-gcc8 1.6 6.00 37.00 43.00 OK
r-patched-linux-x86_64 1.6 2.09 20.31 22.40 OK
r-patched-solaris-x86 1.6 45.90 NOTE
r-release-linux-x86_64 1.6 2.20 20.28 22.48 OK
r-release-windows-ix86+x86_64 1.6 22.00 35.00 57.00 OK
r-release-osx-x86_64 1.6 OK
r-oldrel-windows-ix86+x86_64 1.6 5.00 48.00 53.00 OK
r-oldrel-osx-x86_64 1.6 OK

Check Details

Version: 1.6
Check: for non-standard things in the check directory
Result: NOTE
    Found the following files/directories:
     'res.pdf' 'res1.jpg'
Flavors: r-devel-linux-x86_64-debian-clang, r-devel-linux-x86_64-debian-gcc, r-devel-linux-x86_64-fedora-clang, r-devel-linux-x86_64-fedora-gcc, r-patched-solaris-x86