Last updated on 2020-03-27 00:49:19 CET.
Flavor | Version | Tinstall | Tcheck | Ttotal | Status | Flags |
---|---|---|---|---|---|---|
r-devel-linux-x86_64-debian-clang | 0.9.6 | 32.94 | 79.12 | 112.06 | OK | |
r-devel-linux-x86_64-debian-gcc | 0.9.6 | 23.05 | 60.00 | 83.05 | OK | |
r-devel-linux-x86_64-fedora-clang | 0.9.6 | 141.71 | NOTE | |||
r-devel-linux-x86_64-fedora-gcc | 0.9.6 | 129.79 | OK | |||
r-devel-windows-ix86+x86_64 | 0.9.6 | 60.00 | 123.00 | 183.00 | OK | |
r-devel-windows-ix86+x86_64-gcc8 | 0.9.6 | 65.00 | 168.00 | 233.00 | NOTE | |
r-patched-linux-x86_64 | 0.9.6 | 24.13 | 72.77 | 96.90 | OK | |
r-patched-solaris-x86 | 0.9.6 | 168.90 | OK | |||
r-release-linux-x86_64 | 0.9.6 | 23.29 | 73.69 | 96.98 | OK | |
r-release-windows-ix86+x86_64 | 0.9.6 | 87.00 | 192.00 | 279.00 | OK | |
r-release-osx-x86_64 | 0.9.6 | NOTE | ||||
r-oldrel-windows-ix86+x86_64 | 0.9.6 | 77.00 | 178.00 | 255.00 | OK | |
r-oldrel-osx-x86_64 | 0.9.6 | NOTE |
Version: 0.9.6
Check: installed package size
Result: NOTE
installed size is 5.5Mb
sub-directories of 1Mb or more:
extdata 2.1Mb
libs 2.6Mb
Flavors: r-devel-linux-x86_64-fedora-clang, r-devel-windows-ix86+x86_64-gcc8, r-release-osx-x86_64, r-oldrel-osx-x86_64