CRAN Package Check Results for Package dextergui

Last updated on 2020-03-27 00:49:19 CET.

Flavor Version Tinstall Tcheck Ttotal Status Flags
r-devel-linux-x86_64-debian-clang 0.2.2 12.76 88.68 101.44 OK
r-devel-linux-x86_64-debian-gcc 0.2.2 12.38 64.29 76.67 OK
r-devel-linux-x86_64-fedora-clang 0.2.2 120.63 NOTE
r-devel-linux-x86_64-fedora-gcc 0.2.2 114.10 OK
r-devel-windows-ix86+x86_64 0.2.2 24.00 89.00 113.00 OK
r-devel-windows-ix86+x86_64-gcc8 0.2.2 36.00 107.00 143.00 OK
r-patched-linux-x86_64 0.2.2 11.26 74.11 85.37 OK
r-patched-solaris-x86 0.2.2 190.90 OK
r-release-linux-x86_64 0.2.2 10.89 75.13 86.02 OK
r-release-windows-ix86+x86_64 0.2.2 41.00 160.00 201.00 OK
r-release-osx-x86_64 0.2.2 OK
r-oldrel-windows-ix86+x86_64 0.2.2 29.00 140.00 169.00 OK
r-oldrel-osx-x86_64 0.2.2 OK

Check Details

Version: 0.2.2
Check: package dependencies
Result: NOTE
    Imports includes 22 non-default packages.
    Importing from so many packages makes the package vulnerable to any of
    them becoming unavailable. Move as many as possible to Suggests and
    use conditionally.
Flavor: r-devel-linux-x86_64-fedora-clang