Last updated on 2020-03-27 00:49:19 CET.
Flavor | Version | Tinstall | Tcheck | Ttotal | Status | Flags |
---|---|---|---|---|---|---|
r-devel-linux-x86_64-debian-clang | 0.0.2 | 9.09 | 22.45 | 31.54 | OK | |
r-devel-linux-x86_64-debian-gcc | 0.0.2 | 9.42 | 18.01 | 27.43 | OK | |
r-devel-linux-x86_64-fedora-clang | 0.0.2 | 42.48 | NOTE | |||
r-devel-linux-x86_64-fedora-gcc | 0.0.2 | 40.50 | OK | |||
r-devel-windows-ix86+x86_64 | 0.0.2 | 15.00 | 49.00 | 64.00 | NOTE | |
r-devel-windows-ix86+x86_64-gcc8 | 0.0.2 | 16.00 | 32.00 | 48.00 | NOTE | |
r-patched-linux-x86_64 | 0.0.2 | 9.56 | 21.15 | 30.71 | OK | |
r-patched-solaris-x86 | 0.0.2 | 69.50 | NOTE | |||
r-release-linux-x86_64 | 0.0.2 | 10.12 | 21.27 | 31.39 | OK | |
r-release-windows-ix86+x86_64 | 0.0.2 | 14.00 | 49.00 | 63.00 | NOTE | |
r-release-osx-x86_64 | 0.0.2 | NOTE | ||||
r-oldrel-windows-ix86+x86_64 | 0.0.2 | 11.00 | 29.00 | 40.00 | NOTE | |
r-oldrel-osx-x86_64 | 0.0.2 | NOTE |
Version: 0.0.2
Check: installed package size
Result: NOTE
installed size is 6.4Mb
sub-directories of 1Mb or more:
data 6.3Mb
Flavors: r-devel-linux-x86_64-fedora-clang, r-devel-windows-ix86+x86_64, r-devel-windows-ix86+x86_64-gcc8, r-patched-solaris-x86, r-release-windows-ix86+x86_64, r-release-osx-x86_64, r-oldrel-windows-ix86+x86_64, r-oldrel-osx-x86_64