CRAN Package Check Results for Package discretecdAlgorithm

Last updated on 2020-03-27 00:49:19 CET.

Flavor Version Tinstall Tcheck Ttotal Status Flags
r-devel-linux-x86_64-debian-clang 0.0.7 76.80 40.33 117.13 OK
r-devel-linux-x86_64-debian-gcc 0.0.7 47.41 31.19 78.60 OK
r-devel-linux-x86_64-fedora-clang 0.0.7 162.39 NOTE
r-devel-linux-x86_64-fedora-gcc 0.0.7 133.11 OK
r-devel-windows-ix86+x86_64 0.0.7 93.00 78.00 171.00 OK
r-devel-windows-ix86+x86_64-gcc8 0.0.6 121.00 90.00 211.00 OK
r-patched-linux-x86_64 0.0.7 49.25 36.04 85.29 OK
r-patched-solaris-x86 0.0.7 131.90 OK
r-release-linux-x86_64 0.0.7 54.19 36.78 90.97 OK
r-release-windows-ix86+x86_64 0.0.7 138.00 100.00 238.00 OK
r-release-osx-x86_64 0.0.7 NOTE
r-oldrel-windows-ix86+x86_64 0.0.7 133.00 101.00 234.00 OK
r-oldrel-osx-x86_64 0.0.7 NOTE

Check Details

Version: 0.0.7
Check: installed package size
Result: NOTE
     installed size is 10.3Mb
     sub-directories of 1Mb or more:
     libs 10.2Mb
Flavors: r-devel-linux-x86_64-fedora-clang, r-release-osx-x86_64, r-oldrel-osx-x86_64