Last updated on 2020-03-27 00:49:20 CET.
Flavor | Version | Tinstall | Tcheck | Ttotal | Status | Flags |
---|---|---|---|---|---|---|
r-devel-linux-x86_64-debian-clang | 0.1.1 | 2.68 | 20.75 | 23.43 | OK | |
r-devel-linux-x86_64-debian-gcc | 0.1.1 | 2.63 | 16.44 | 19.07 | OK | |
r-devel-linux-x86_64-fedora-clang | 0.1.1 | 30.52 | NOTE | |||
r-devel-linux-x86_64-fedora-gcc | 0.1.1 | 28.42 | NOTE | |||
r-devel-windows-ix86+x86_64 | 0.1.1 | 7.00 | 31.00 | 38.00 | OK | |
r-devel-windows-ix86+x86_64-gcc8 | 0.1.1 | 9.00 | 36.00 | 45.00 | OK | |
r-patched-linux-x86_64 | 0.1.1 | 3.18 | 18.92 | 22.10 | OK | |
r-patched-solaris-x86 | 0.1.1 | 47.30 | NOTE | |||
r-release-linux-x86_64 | 0.1.1 | 3.02 | 18.85 | 21.87 | OK | |
r-release-windows-ix86+x86_64 | 0.1.1 | 8.00 | 45.00 | 53.00 | OK | |
r-release-osx-x86_64 | 0.1.1 | NOTE | ||||
r-oldrel-windows-ix86+x86_64 | 0.1.1 | 6.00 | 44.00 | 50.00 | OK | |
r-oldrel-osx-x86_64 | 0.1.1 | NOTE |
Version: 0.1.1
Check: data for non-ASCII characters
Result: NOTE
Note: found 2854 marked UTF-8 strings
Flavors: r-devel-linux-x86_64-fedora-clang, r-devel-linux-x86_64-fedora-gcc, r-patched-solaris-x86, r-release-osx-x86_64, r-oldrel-osx-x86_64