Last updated on 2020-03-27 00:49:20 CET.
Flavor | Version | Tinstall | Tcheck | Ttotal | Status | Flags |
---|---|---|---|---|---|---|
r-devel-linux-x86_64-debian-clang | 1.2.1 | 19.32 | 112.06 | 131.38 | OK | |
r-devel-linux-x86_64-debian-gcc | 1.2.1 | 15.02 | 84.92 | 99.94 | OK | |
r-devel-linux-x86_64-fedora-clang | 1.2.1 | 162.70 | NOTE | |||
r-devel-linux-x86_64-fedora-gcc | 1.2.1 | 154.10 | NOTE | |||
r-devel-windows-ix86+x86_64 | 1.2.1 | 31.00 | 110.00 | 141.00 | OK | |
r-devel-windows-ix86+x86_64-gcc8 | 1.2.1 | 28.00 | 117.00 | 145.00 | OK | |
r-patched-linux-x86_64 | 1.2.1 | 14.96 | 96.57 | 111.53 | OK | |
r-patched-solaris-x86 | 1.2.1 | 260.30 | NOTE | |||
r-release-linux-x86_64 | 1.2.1 | 14.35 | 96.83 | 111.18 | OK | |
r-release-windows-ix86+x86_64 | 1.2.1 | 38.00 | 144.00 | 182.00 | OK | |
r-release-osx-x86_64 | 1.2.1 | NOTE | ||||
r-oldrel-windows-ix86+x86_64 | 1.2.1 | 26.00 | 143.00 | 169.00 | OK | |
r-oldrel-osx-x86_64 | 1.2.1 | NOTE |
Version: 1.2.1
Check: dependencies in R code
Result: NOTE
Namespaces in Imports field not imported from:
‘maptools’ ‘tools’
All declared Imports should be used.
Flavors: r-devel-linux-x86_64-fedora-clang, r-devel-linux-x86_64-fedora-gcc, r-patched-solaris-x86, r-release-osx-x86_64, r-oldrel-osx-x86_64