Last updated on 2020-03-27 00:49:20 CET.
Flavor | Version | Tinstall | Tcheck | Ttotal | Status | Flags |
---|---|---|---|---|---|---|
r-devel-linux-x86_64-debian-clang | 1.2.6 | 13.19 | 70.82 | 84.01 | OK | |
r-devel-linux-x86_64-debian-gcc | 1.2.6 | 13.71 | 53.16 | 66.87 | OK | |
r-devel-linux-x86_64-fedora-clang | 1.2.6 | 103.27 | NOTE | |||
r-devel-linux-x86_64-fedora-gcc | 1.2.6 | 96.69 | NOTE | |||
r-devel-windows-ix86+x86_64 | 1.2.5 | 17.00 | 101.00 | 118.00 | OK | |
r-devel-windows-ix86+x86_64-gcc8 | 1.2.5 | 22.00 | 79.00 | 101.00 | OK | |
r-patched-linux-x86_64 | 1.2.6 | 13.92 | 63.88 | 77.80 | OK | |
r-patched-solaris-x86 | 1.2.6 | 124.80 | NOTE | |||
r-release-linux-x86_64 | 1.2.6 | 14.56 | 63.68 | 78.24 | OK | |
r-release-windows-ix86+x86_64 | 1.2.6 | 24.00 | 82.00 | 106.00 | OK | |
r-release-osx-x86_64 | 1.2.6 | NOTE | ||||
r-oldrel-windows-ix86+x86_64 | 1.2.6 | 18.00 | 86.00 | 104.00 | OK | |
r-oldrel-osx-x86_64 | 1.2.6 | NOTE |
Version: 1.2.6
Check: data for non-ASCII characters
Result: NOTE
Note: found 5 marked UTF-8 strings
Flavors: r-devel-linux-x86_64-fedora-clang, r-devel-linux-x86_64-fedora-gcc, r-patched-solaris-x86, r-release-osx-x86_64, r-oldrel-osx-x86_64