CRAN Package Check Results for Package eggCounts

Last updated on 2020-03-27 00:49:20 CET.

Flavor Version Tinstall Tcheck Ttotal Status Flags
r-devel-linux-x86_64-debian-clang 2.3 766.96 122.66 889.62 NOTE
r-devel-linux-x86_64-debian-gcc 2.3 708.54 115.80 824.34 NOTE
r-devel-linux-x86_64-fedora-clang 2.3 1280.59 NOTE
r-devel-linux-x86_64-fedora-gcc 2.3 1436.37 NOTE
r-devel-windows-ix86+x86_64 2.3 1187.00 230.00 1417.00 NOTE
r-devel-windows-ix86+x86_64-gcc8 2.3 1356.00 252.00 1608.00 NOTE
r-patched-linux-x86_64 2.3 680.78 128.60 809.38 NOTE
r-patched-solaris-x86 2.3 1129.30 NOTE
r-release-linux-x86_64 2.3 685.68 129.05 814.73 NOTE
r-release-windows-ix86+x86_64 2.3 490.00 8.00 498.00 ERROR
r-release-osx-x86_64 2.3 NOTE
r-oldrel-windows-ix86+x86_64 2.3 359.00 8.00 367.00 ERROR
r-oldrel-osx-x86_64 2.3 NOTE

Check Details

Version: 2.3
Check: package dependencies
Result: NOTE
    Package suggested but not available for checking: 'eggCountsExtra'
Flavors: r-devel-linux-x86_64-debian-clang, r-devel-linux-x86_64-debian-gcc, r-devel-linux-x86_64-fedora-clang, r-devel-linux-x86_64-fedora-gcc, r-devel-windows-ix86+x86_64, r-devel-windows-ix86+x86_64-gcc8, r-patched-linux-x86_64, r-patched-solaris-x86, r-release-linux-x86_64, r-release-windows-ix86+x86_64, r-release-osx-x86_64, r-oldrel-windows-ix86+x86_64, r-oldrel-osx-x86_64

Version: 2.3
Check: for GNU extensions in Makefiles
Result: NOTE
    GNU make is a SystemRequirements.
Flavors: r-devel-linux-x86_64-debian-clang, r-devel-linux-x86_64-debian-gcc, r-devel-linux-x86_64-fedora-clang, r-devel-linux-x86_64-fedora-gcc, r-devel-windows-ix86+x86_64, r-devel-windows-ix86+x86_64-gcc8, r-patched-linux-x86_64, r-patched-solaris-x86, r-release-linux-x86_64, r-release-osx-x86_64, r-oldrel-osx-x86_64

Version: 2.3
Check: installed package size
Result: NOTE
     installed size is 113.4Mb
     sub-directories of 1Mb or more:
     libs 112.5Mb
Flavors: r-devel-linux-x86_64-fedora-clang, r-devel-windows-ix86+x86_64, r-devel-windows-ix86+x86_64-gcc8, r-patched-solaris-x86, r-release-osx-x86_64, r-oldrel-osx-x86_64

Version: 2.3
Check: whether package can be installed
Result: ERROR
    Installation failed.
Flavors: r-release-windows-ix86+x86_64, r-oldrel-windows-ix86+x86_64