CRAN Package Check Results for Package emba

Last updated on 2020-03-27 00:49:20 CET.

Flavor Version Tinstall Tcheck Ttotal Status Flags
r-devel-linux-x86_64-debian-clang 0.1.2 6.21 48.14 54.35 OK
r-devel-linux-x86_64-debian-gcc 0.1.2 4.27 37.67 41.94 OK
r-devel-linux-x86_64-fedora-clang 0.1.2 65.98 OK
r-devel-linux-x86_64-fedora-gcc 0.1.2 63.13 OK
r-devel-windows-ix86+x86_64 0.1.2 11.00 63.00 74.00 OK
r-devel-windows-ix86+x86_64-gcc8 0.1.2 13.00 73.00 86.00 OK
r-patched-linux-x86_64 0.1.2 4.36 43.67 48.03 OK
r-patched-solaris-x86 0.1.2 110.70 OK
r-release-linux-x86_64 0.1.2 5.65 43.87 49.52 OK
r-release-windows-ix86+x86_64 0.1.2 18.00 100.00 118.00 OK
r-release-osx-x86_64 0.1.2 OK
r-oldrel-windows-ix86+x86_64 0.1.2 11.00 92.00 103.00 ERROR
r-oldrel-osx-x86_64 0.1.2 ERROR

Check Details

Version: 0.1.2
Check: tests
Result: ERROR
     Running 'testthat.R' [4s]
    Running the tests in 'tests/testthat.R' failed.
    Complete output:
     > library(testthat)
     > library(emba)
     >
     > test_check("emba")
     -- 1. Error: it returns correct results (@test-analysis.R#4) ------------------
     unused argument (sample.kind = "Rejection")
    
     == testthat results ===========================================================
     [ OK: 16 | SKIPPED: 0 | WARNINGS: 0 | FAILED: 1 ]
     1. Error: it returns correct results (@test-analysis.R#4)
    
     Error: testthat unit tests failed
     Execution halted
Flavor: r-oldrel-windows-ix86+x86_64

Version: 0.1.2
Check: tests
Result: ERROR
     Running ‘testthat.R’ [2s/2s]
    Running the tests in ‘tests/testthat.R’ failed.
    Complete output:
     > library(testthat)
     > library(emba)
     >
     > test_check("emba")
     ── 1. Error: it returns correct results (@test-analysis.R#4) ──────────────────
     unused argument (sample.kind = "Rejection")
    
     ══ testthat results ═══════════════════════════════════════════════════════════
     [ OK: 16 | SKIPPED: 0 | WARNINGS: 0 | FAILED: 1 ]
     1. Error: it returns correct results (@test-analysis.R#4)
    
     Error: testthat unit tests failed
     Execution halted
Flavor: r-oldrel-osx-x86_64