Last updated on 2020-03-27 00:49:20 CET.
Flavor | Version | Tinstall | Tcheck | Ttotal | Status | Flags |
---|---|---|---|---|---|---|
r-devel-linux-x86_64-debian-clang | 0.4.0 | 6.66 | 100.52 | 107.18 | OK | |
r-devel-linux-x86_64-debian-gcc | 0.4.0 | 5.30 | 74.91 | 80.21 | OK | |
r-devel-linux-x86_64-fedora-clang | 0.4.0 | 98.27 | OK | |||
r-devel-linux-x86_64-fedora-gcc | 0.4.0 | 98.56 | OK | |||
r-devel-windows-ix86+x86_64 | 0.4.0 | 12.00 | 111.00 | 123.00 | OK | |
r-devel-windows-ix86+x86_64-gcc8 | 0.4.0 | 16.00 | 121.00 | 137.00 | OK | |
r-patched-linux-x86_64 | 0.4.0 | 6.11 | 91.32 | 97.43 | OK | |
r-patched-solaris-x86 | 0.4.0 | 142.10 | NOTE | |||
r-release-linux-x86_64 | 0.4.0 | 6.42 | 91.93 | 98.35 | OK | |
r-release-windows-ix86+x86_64 | 0.4.0 | 22.00 | 161.00 | 183.00 | OK | |
r-release-osx-x86_64 | 0.4.0 | OK | ||||
r-oldrel-windows-ix86+x86_64 | 0.4.0 | 16.00 | 159.00 | 175.00 | OK | |
r-oldrel-osx-x86_64 | 0.4.0 | OK |
Version: 0.4.0
Check: installed package size
Result: NOTE
installed size is 5.2Mb
sub-directories of 1Mb or more:
xsd 4.1Mb
Flavor: r-patched-solaris-x86