Last updated on 2020-03-27 00:49:20 CET.
Flavor | Version | Tinstall | Tcheck | Ttotal | Status | Flags |
---|---|---|---|---|---|---|
r-devel-linux-x86_64-debian-clang | 2.0.4 | 20.40 | 261.62 | 282.02 | OK | |
r-devel-linux-x86_64-debian-gcc | 2.0.4 | 17.92 | 189.50 | 207.42 | OK | |
r-devel-linux-x86_64-fedora-clang | 2.0.4 | 325.19 | NOTE | |||
r-devel-linux-x86_64-fedora-gcc | 2.0.4 | 312.26 | OK | |||
r-devel-windows-ix86+x86_64 | 2.0.4 | 40.00 | 258.00 | 298.00 | OK | |
r-devel-windows-ix86+x86_64-gcc8 | 2.0.4 | 33.00 | 275.00 | 308.00 | OK | |
r-patched-linux-x86_64 | 2.0.4 | 18.78 | 224.18 | 242.96 | OK | |
r-patched-solaris-x86 | 2.0.4 | 385.40 | OK | |||
r-release-linux-x86_64 | 2.0.4 | 17.44 | 222.65 | 240.09 | OK | |
r-release-windows-ix86+x86_64 | 2.0.4 | 52.00 | 356.00 | 408.00 | OK | |
r-release-osx-x86_64 | 2.0.4 | OK | ||||
r-oldrel-windows-ix86+x86_64 | 2.0.4 | 43.00 | 350.00 | 393.00 | OK | |
r-oldrel-osx-x86_64 | 2.0.4 | OK |
Version: 2.0.4
Check: package dependencies
Result: NOTE
Imports includes 21 non-default packages.
Importing from so many packages makes the package vulnerable to any of
them becoming unavailable. Move as many as possible to Suggests and
use conditionally.
Flavor: r-devel-linux-x86_64-fedora-clang