Last updated on 2020-03-27 00:49:20 CET.
Flavor | Version | Tinstall | Tcheck | Ttotal | Status | Flags |
---|---|---|---|---|---|---|
r-devel-linux-x86_64-debian-clang | 1.0.0 | 2.68 | 27.16 | 29.84 | OK | |
r-devel-linux-x86_64-debian-gcc | 1.0.0 | 1.98 | 20.78 | 22.76 | OK | |
r-devel-linux-x86_64-fedora-clang | 1.0.0 | 35.90 | OK | |||
r-devel-linux-x86_64-fedora-gcc | 1.0.0 | 33.65 | OK | |||
r-devel-windows-ix86+x86_64 | 1.0.0 | 6.00 | 35.00 | 41.00 | OK | |
r-devel-windows-ix86+x86_64-gcc8 | 1.0.0 | 6.00 | 42.00 | 48.00 | OK | |
r-patched-linux-x86_64 | 1.0.0 | 2.05 | 24.74 | 26.79 | OK | |
r-patched-solaris-x86 | 1.0.0 | 53.40 | OK | |||
r-release-linux-x86_64 | 1.0.0 | 1.88 | 23.76 | 25.64 | OK | |
r-release-windows-ix86+x86_64 | 1.0.0 | 8.00 | 52.00 | 60.00 | OK | |
r-release-osx-x86_64 | 1.0.0 | ERROR | ||||
r-oldrel-osx-x86_64 | 1.0.0 | ERROR |
Version: 1.0.0
Check: package dependencies
Result: ERROR
Package required and available but unsuitable version: ‘stats’
See section ‘The DESCRIPTION file’ in the ‘Writing R Extensions’
manual.
Flavors: r-release-osx-x86_64, r-oldrel-osx-x86_64