CRAN Package Check Results for Package epikit

Last updated on 2020-03-27 00:49:20 CET.

Flavor Version Tinstall Tcheck Ttotal Status Flags
r-devel-linux-x86_64-debian-clang 0.1.0 2.53 32.17 34.70 NOTE
r-devel-linux-x86_64-debian-gcc 0.1.0 2.08 25.43 27.51 NOTE
r-devel-linux-x86_64-fedora-clang 0.1.0 43.99 NOTE
r-devel-linux-x86_64-fedora-gcc 0.1.0 40.68 NOTE
r-devel-windows-ix86+x86_64 0.1.0 7.00 48.00 55.00 NOTE
r-patched-linux-x86_64 0.1.0 2.06 28.82 30.88 NOTE
r-patched-solaris-x86 0.1.0 64.00 NOTE
r-release-linux-x86_64 0.1.0 2.05 28.76 30.81 NOTE
r-release-windows-ix86+x86_64 0.1.0 14.00 68.00 82.00 NOTE
r-release-osx-x86_64 0.1.0 NOTE
r-oldrel-windows-ix86+x86_64 0.1.0 7.00 65.00 72.00 NOTE
r-oldrel-osx-x86_64 0.1.0 NOTE

Check Details

Version: 0.1.0
Check: package dependencies
Result: NOTE
    Package suggested but not available for checking: 'epidict'
Flavors: r-devel-linux-x86_64-debian-clang, r-devel-linux-x86_64-debian-gcc, r-devel-linux-x86_64-fedora-clang, r-devel-linux-x86_64-fedora-gcc, r-devel-windows-ix86+x86_64, r-patched-linux-x86_64, r-patched-solaris-x86, r-release-linux-x86_64, r-release-windows-ix86+x86_64, r-release-osx-x86_64, r-oldrel-windows-ix86+x86_64, r-oldrel-osx-x86_64