CRAN Package Check Results for Package equateMultiple

Last updated on 2020-03-27 00:49:20 CET.

Flavor Version Tinstall Tcheck Ttotal Status Flags
r-devel-linux-x86_64-debian-clang 0.0.0 43.63 127.97 171.60 NOTE
r-devel-linux-x86_64-debian-gcc 0.0.0 32.34 97.54 129.88 NOTE
r-devel-linux-x86_64-fedora-clang 0.0.0 222.82 NOTE
r-devel-linux-x86_64-fedora-gcc 0.0.0 207.71 NOTE
r-devel-windows-ix86+x86_64 0.0.0 70.00 193.00 263.00 OK
r-devel-windows-ix86+x86_64-gcc8 0.0.0 89.00 211.00 300.00 OK
r-patched-linux-x86_64 0.0.0 34.62 115.83 150.45 NOTE
r-patched-solaris-x86 0.0.0 352.30 OK
r-release-linux-x86_64 0.0.0 36.72 116.86 153.58 NOTE
r-release-windows-ix86+x86_64 0.0.0 108.00 244.00 352.00 OK
r-release-osx-x86_64 0.0.0 OK
r-oldrel-windows-ix86+x86_64 0.0.0 98.00 246.00 344.00 OK
r-oldrel-osx-x86_64 0.0.0 OK

Check Details

Version: 0.0.0
Check: use of SHLIB_OPENMP_*FLAGS in Makefiles
Result: NOTE
     src/Makevars: SHLIB_OPENMP_CXXFLAGS is included in PKG_CXXFLAGS but not in PKG_LIBS
     src/Makevars: SHLIB_OPENMP_CFLAGS is included in PKG_LIBS but linking is by C++
     src/Makevars.win: SHLIB_OPENMP_CXXFLAGS is included in PKG_CXXFLAGS but not in PKG_LIBS
     src/Makevars.win: SHLIB_OPENMP_CFLAGS is included in PKG_LIBS but linking is by C++
    Use of these macros is discussed in sect 1.2.1.1 of 'Writing R
    Extensions'. The macros for different languages may differ so the
    matching macro must be used in PKG_CXXFLAGS (etc) and match that used
    in PKG_LIBS (except for Fortran: see the manual).
Flavors: r-devel-linux-x86_64-debian-clang, r-devel-linux-x86_64-debian-gcc, r-devel-linux-x86_64-fedora-clang, r-devel-linux-x86_64-fedora-gcc, r-patched-linux-x86_64, r-release-linux-x86_64