Last updated on 2020-03-27 00:49:21 CET.
Flavor | Version | Tinstall | Tcheck | Ttotal | Status | Flags |
---|---|---|---|---|---|---|
r-devel-linux-x86_64-debian-clang | 1.1 | 10.09 | 81.77 | 91.86 | NOTE | |
r-devel-linux-x86_64-debian-gcc | 1.1 | 9.06 | 63.25 | 72.31 | NOTE | |
r-devel-linux-x86_64-fedora-clang | 1.1 | 112.46 | NOTE | |||
r-devel-linux-x86_64-fedora-gcc | 1.1 | 106.29 | NOTE | |||
r-devel-windows-ix86+x86_64 | 1.1 | 25.00 | 91.00 | 116.00 | OK | |
r-devel-windows-ix86+x86_64-gcc8 | 1.1 | 22.00 | 102.00 | 124.00 | OK | |
r-patched-linux-x86_64 | 1.1 | 7.94 | 71.44 | 79.38 | OK | |
r-patched-solaris-x86 | 1.1 | 183.10 | NOTE | |||
r-release-linux-x86_64 | 1.1 | 8.32 | 71.55 | 79.87 | OK | |
r-release-windows-ix86+x86_64 | 1.1 | 28.00 | 132.00 | 160.00 | OK | |
r-release-osx-x86_64 | 1.1 | OK | ||||
r-oldrel-windows-ix86+x86_64 | 1.1 | 24.00 | 119.00 | 143.00 | OK | |
r-oldrel-osx-x86_64 | 1.1 | OK |
Version: 1.1
Check: for non-standard things in the check directory
Result: NOTE
Found the following files/directories:
'sample .nwk'
Flavors: r-devel-linux-x86_64-debian-clang, r-devel-linux-x86_64-debian-gcc, r-devel-linux-x86_64-fedora-clang, r-devel-linux-x86_64-fedora-gcc, r-patched-solaris-x86