CRAN Package Check Results for Package evolqg

Last updated on 2020-03-27 00:49:21 CET.

Flavor Version Tinstall Tcheck Ttotal Status Flags
r-devel-linux-x86_64-debian-clang 0.2-7 40.33 289.32 329.65 OK
r-devel-linux-x86_64-debian-gcc 0.2-7 28.35 207.03 235.38 OK
r-devel-linux-x86_64-fedora-clang 0.2-7 392.93 NOTE
r-devel-linux-x86_64-fedora-gcc 0.2-7 363.46 NOTE
r-devel-windows-ix86+x86_64 0.2-7 75.00 458.00 533.00 OK
r-devel-windows-ix86+x86_64-gcc8 0.2-7 84.00 510.00 594.00 OK
r-patched-linux-x86_64 0.2-7 30.62 246.60 277.22 OK
r-patched-solaris-x86 0.2-7 498.00 NOTE
r-release-linux-x86_64 0.2-7 33.80 246.78 280.58 OK
r-release-windows-ix86+x86_64 0.2-7 118.00 582.00 700.00 OK
r-release-osx-x86_64 0.2-7 NOTE
r-oldrel-windows-ix86+x86_64 0.2-6 57.00 523.00 580.00 OK
r-oldrel-osx-x86_64 0.2-7 ERROR

Check Details

Version: 0.2-7
Check: dependencies in R code
Result: NOTE
    Namespace in Imports field not imported from: ‘Rcpp’
     All declared Imports should be used.
Flavors: r-devel-linux-x86_64-fedora-clang, r-devel-linux-x86_64-fedora-gcc, r-patched-solaris-x86, r-release-osx-x86_64

Version: 0.2-7
Check: whether package can be installed
Result: ERROR
    Installation failed.
Flavor: r-oldrel-osx-x86_64