CRAN Package Check Results for Package fBasics

Last updated on 2020-03-27 00:49:21 CET.

Flavor Version Tinstall Tcheck Ttotal Status Flags
r-devel-linux-x86_64-debian-clang 3042.89.1 69.21 160.84 230.05 OK
r-devel-linux-x86_64-debian-gcc 3042.89.1 65.86 121.90 187.76 OK
r-devel-linux-x86_64-fedora-clang 3042.89.1 303.92 NOTE
r-devel-linux-x86_64-fedora-gcc 3042.89.1 267.76 NOTE
r-devel-windows-ix86+x86_64 3042.89.1 101.00 190.00 291.00 OK
r-devel-windows-ix86+x86_64-gcc8 3042.89 96.00 217.00 313.00 OK
r-patched-linux-x86_64 3042.89.1 65.77 139.99 205.76 OK
r-patched-solaris-x86 3042.89.1 419.30 OK
r-release-linux-x86_64 3042.89.1 63.20 141.21 204.41 OK
r-release-windows-ix86+x86_64 3042.89.1 121.00 257.00 378.00 OK
r-release-osx-x86_64 3042.89.1 NOTE
r-oldrel-windows-ix86+x86_64 3042.89.1 118.00 239.00 357.00 OK
r-oldrel-osx-x86_64 3042.89.1 NOTE

Check Details

Version: 3042.89.1
Check: compiled code
Result: NOTE
    File ‘fBasics/libs/fBasics.so’:
     Found no calls to: ‘R_registerRoutines’, ‘R_useDynamicSymbols’
    
    It is good practice to register native routines and to disable symbol
    search.
    
    See ‘Writing portable packages’ in the ‘Writing R Extensions’ manual.
Flavors: r-devel-linux-x86_64-fedora-clang, r-devel-linux-x86_64-fedora-gcc

Version: 3042.89.1
Check: dependencies in R code
Result: NOTE
    No protocol specified
    No protocol specified
Flavors: r-release-osx-x86_64, r-oldrel-osx-x86_64