CRAN Package Check Results for Package factoextra

Last updated on 2020-03-27 00:49:21 CET.

Flavor Version Tinstall Tcheck Ttotal Status Flags
r-devel-linux-x86_64-debian-clang 1.0.6 9.93 77.82 87.75 ERROR
r-devel-linux-x86_64-debian-gcc 1.0.6 8.55 57.03 65.58 ERROR
r-devel-linux-x86_64-fedora-clang 1.0.6 100.18 ERROR
r-devel-linux-x86_64-fedora-gcc 1.0.6 96.01 ERROR
r-devel-windows-ix86+x86_64 1.0.6 17.00 78.00 95.00 ERROR
r-devel-windows-ix86+x86_64-gcc8 1.0.6 19.00 113.00 132.00 OK
r-patched-linux-x86_64 1.0.6 8.39 82.05 90.44 OK
r-patched-solaris-x86 1.0.6 138.40 ERROR
r-release-linux-x86_64 1.0.6 7.81 81.17 88.98 OK
r-release-windows-ix86+x86_64 1.0.6 26.00 130.00 156.00 OK
r-release-osx-x86_64 1.0.6 OK
r-oldrel-windows-ix86+x86_64 1.0.6 21.00 139.00 160.00 OK
r-oldrel-osx-x86_64 1.0.6 OK

Check Details

Version: 1.0.6
Check: examples
Result: ERROR
    Running examples in 'factoextra-Ex.R' failed
    The error most likely occurred in:
    
    > base::assign(".ptime", proc.time(), pos = "CheckExEnv")
    > ### Name: fviz_mfa
    > ### Title: Visualize Multiple Factor Analysis
    > ### Aliases: fviz_mfa fviz_mfa_ind fviz_mfa_quali_biplot fviz_mfa_var
    > ### fviz_mfa_axes
    >
    > ### ** Examples
    >
    > # Compute Multiple Factor Analysis
    > library("FactoMineR")
    > data(wine)
    > res.mfa <- MFA(wine, group=c(2,5,3,10,9,2), type=c("n",rep("s",5)),
    + ncp=5, name.group=c("orig","olf","vis","olfag","gust","ens"),
    + num.group.sup=c(1,6), graph=FALSE)
    >
    > # Eigenvalues/variances of dimensions
    > fviz_screeplot(res.mfa)
    > # Group of variables
    > fviz_mfa_var(res.mfa, "group")
    > # Quantitative variables
    > fviz_mfa_var(res.mfa, "quanti.var", palette = "jco",
    + col.var.sup = "violet", repel = TRUE)
    Error in `[.data.frame`(X$call$X, rownames(ind), grp, drop = FALSE) :
     undefined columns selected
    Calls: fviz_mfa_var ... .add_ind_groups -> as.data.frame -> [ -> [.data.frame
    Execution halted
Flavors: r-devel-linux-x86_64-debian-clang, r-devel-linux-x86_64-debian-gcc

Version: 1.0.6
Check: examples
Result: ERROR
    Running examples in ‘factoextra-Ex.R’ failed
    The error most likely occurred in:
    
    > ### Name: fviz_mfa
    > ### Title: Visualize Multiple Factor Analysis
    > ### Aliases: fviz_mfa fviz_mfa_ind fviz_mfa_quali_biplot fviz_mfa_var
    > ### fviz_mfa_axes
    >
    > ### ** Examples
    >
    > # Compute Multiple Factor Analysis
    > library("FactoMineR")
    > data(wine)
    > res.mfa <- MFA(wine, group=c(2,5,3,10,9,2), type=c("n",rep("s",5)),
    + ncp=5, name.group=c("orig","olf","vis","olfag","gust","ens"),
    + num.group.sup=c(1,6), graph=FALSE)
    >
    > # Eigenvalues/variances of dimensions
    > fviz_screeplot(res.mfa)
    > # Group of variables
    > fviz_mfa_var(res.mfa, "group")
    > # Quantitative variables
    > fviz_mfa_var(res.mfa, "quanti.var", palette = "jco",
    + col.var.sup = "violet", repel = TRUE)
    Error in `[.data.frame`(X$call$X, rownames(ind), grp, drop = FALSE) :
     undefined columns selected
    Calls: fviz_mfa_var ... .add_ind_groups -> as.data.frame -> [ -> [.data.frame
    Execution halted
Flavors: r-devel-linux-x86_64-fedora-clang, r-devel-linux-x86_64-fedora-gcc, r-devel-windows-ix86+x86_64, r-patched-solaris-x86