CRAN Package Check Results for Package fcuk

Last updated on 2020-03-27 00:49:21 CET.

Flavor Version Tinstall Tcheck Ttotal Status Flags
r-devel-linux-x86_64-debian-clang 0.1.21 2.65 48.15 50.80 NOTE
r-devel-linux-x86_64-debian-gcc 0.1.21 2.25 36.04 38.29 NOTE
r-devel-linux-x86_64-fedora-clang 0.1.21 61.20 NOTE
r-devel-linux-x86_64-fedora-gcc 0.1.21 38.58 NOTE
r-devel-windows-ix86+x86_64 0.1.21 8.00 41.00 49.00 OK
r-devel-windows-ix86+x86_64-gcc8 0.1.21 7.00 50.00 57.00 OK
r-patched-linux-x86_64 0.1.21 2.19 40.95 43.14 OK
r-patched-solaris-x86 0.1.21 61.90 NOTE
r-release-linux-x86_64 0.1.21 2.07 41.32 43.39 OK
r-release-windows-ix86+x86_64 0.1.21 9.00 70.00 79.00 OK
r-release-osx-x86_64 0.1.21 OK
r-oldrel-windows-ix86+x86_64 0.1.21 6.00 66.00 72.00 OK
r-oldrel-osx-x86_64 0.1.21 OK

Check Details

Version: 0.1.21
Check: for non-standard things in the check directory
Result: NOTE
    Found the following files/directories:
     '.Rprofile'
Flavors: r-devel-linux-x86_64-debian-clang, r-devel-linux-x86_64-debian-gcc, r-devel-linux-x86_64-fedora-clang, r-devel-linux-x86_64-fedora-gcc, r-patched-solaris-x86