CRAN Package Check Results for Package fda

Last updated on 2020-03-27 00:49:21 CET.

Flavor Version Tinstall Tcheck Ttotal Status Flags
r-devel-linux-x86_64-debian-clang 2.4.8.1 27.68 204.93 232.61 NOTE
r-devel-linux-x86_64-debian-gcc 2.4.8.1 26.80 151.48 178.28 NOTE
r-devel-linux-x86_64-fedora-clang 2.4.8.1 283.27 NOTE
r-devel-linux-x86_64-fedora-gcc 2.4.8.1 269.00 NOTE
r-devel-windows-ix86+x86_64 2.4.8.1 40.00 204.00 244.00 OK
r-devel-windows-ix86+x86_64-gcc8 2.4.8.1 38.00 231.00 269.00 OK
r-patched-linux-x86_64 2.4.8.1 26.45 179.11 205.56 OK
r-patched-solaris-x86 2.4.8.1 345.90 NOTE
r-release-linux-x86_64 2.4.8.1 24.88 178.43 203.31 OK
r-release-windows-ix86+x86_64 2.4.8.1 57.00 284.00 341.00 OK
r-release-osx-x86_64 2.4.8.1 OK
r-oldrel-windows-ix86+x86_64 2.4.8.1 45.00 246.00 291.00 OK
r-oldrel-osx-x86_64 2.4.8.1 OK

Check Details

Version: 2.4.8.1
Check: for non-standard things in the check directory
Result: NOTE
    Found the following files/directories:
     'fdaMatlabPath.m'
Flavors: r-devel-linux-x86_64-debian-clang, r-devel-linux-x86_64-debian-gcc, r-devel-linux-x86_64-fedora-clang, r-devel-linux-x86_64-fedora-gcc, r-patched-solaris-x86