CRAN Package Check Results for Package foieGras

Last updated on 2020-03-27 00:49:22 CET.

Flavor Version Tinstall Tcheck Ttotal Status Flags
r-devel-linux-x86_64-debian-clang 0.4.0 129.88 176.89 306.77 OK
r-devel-linux-x86_64-debian-gcc 0.4.0 99.48 133.60 233.08 OK
r-devel-linux-x86_64-fedora-clang 0.4.0 411.71 NOTE
r-devel-linux-x86_64-fedora-gcc 0.4.0 392.83 OK
r-devel-windows-ix86+x86_64 0.4.0 167.00 243.00 410.00 NOTE
r-devel-windows-ix86+x86_64-gcc8 0.4.0 194.00 298.00 492.00 NOTE
r-patched-linux-x86_64 0.4.0 105.05 155.53 260.58 OK
r-patched-solaris-x86 0.4.0 460.50 OK
r-release-linux-x86_64 0.4.0 102.04 157.57 259.61 OK
r-release-windows-ix86+x86_64 0.4.0 256.00 357.00 613.00 NOTE
r-release-osx-x86_64 0.4.0 NOTE
r-oldrel-windows-ix86+x86_64 0.4.0 226.00 354.00 580.00 NOTE
r-oldrel-osx-x86_64 0.4.0 NOTE

Additional issues

clang-UBSAN

Check Details

Version: 0.4.0
Check: installed package size
Result: NOTE
     installed size is 34.3Mb
     sub-directories of 1Mb or more:
     libs 33.1Mb
Flavors: r-devel-linux-x86_64-fedora-clang, r-devel-windows-ix86+x86_64, r-devel-windows-ix86+x86_64-gcc8, r-release-windows-ix86+x86_64, r-release-osx-x86_64, r-oldrel-windows-ix86+x86_64, r-oldrel-osx-x86_64