Last updated on 2020-03-27 00:49:22 CET.
Flavor | Version | Tinstall | Tcheck | Ttotal | Status | Flags |
---|---|---|---|---|---|---|
r-devel-linux-x86_64-debian-clang | 0.2.0.1 | 4.18 | 46.35 | 50.53 | OK | |
r-devel-linux-x86_64-debian-gcc | 0.2.0.1 | 3.54 | 36.81 | 40.35 | OK | |
r-devel-linux-x86_64-fedora-clang | 0.2.0.1 | 60.10 | OK | |||
r-devel-linux-x86_64-fedora-gcc | 0.2.0.1 | 58.74 | OK | |||
r-devel-windows-ix86+x86_64 | 0.2.0.1 | 9.00 | 62.00 | 71.00 | OK | |
r-devel-windows-ix86+x86_64-gcc8 | 0.2.0.1 | 9.00 | 74.00 | 83.00 | OK | |
r-patched-linux-x86_64 | 0.2.0.1 | 2.78 | 42.35 | 45.13 | OK | |
r-patched-solaris-x86 | 0.2.0.1 | 86.50 | WARN | |||
r-release-linux-x86_64 | 0.2.0.1 | 3.58 | 42.58 | 46.16 | OK | |
r-release-windows-ix86+x86_64 | 0.2.0.1 | 11.00 | 99.00 | 110.00 | OK | |
r-release-osx-x86_64 | 0.2.0.1 | WARN | ||||
r-oldrel-windows-ix86+x86_64 | 0.2.0.1 | 8.00 | 93.00 | 101.00 | OK | |
r-oldrel-osx-x86_64 | 0.2.0.1 | WARN |
Version: 0.2.0.1
Check: re-building of vignette outputs
Result: WARN
Error(s) in re-building vignettes:
...
--- re-building ‘formattable-data-frame.Rmd’ using rmarkdown
Warning in engine$weave(file, quiet = quiet, encoding = enc) :
Pandoc (>= 1.12.3) and/or pandoc-citeproc not available. Falling back to R Markdown v1.
Quitting from lines 168-169 (formattable-data-frame.Rmd)
Error: processing vignette 'formattable-data-frame.Rmd' failed with diagnostics:
there is no package called 'webshot'
--- failed re-building ‘formattable-data-frame.Rmd’
--- re-building ‘introduction.Rmd’ using rmarkdown
Warning in engine$weave(file, quiet = quiet, encoding = enc) :
Pandoc (>= 1.12.3) and/or pandoc-citeproc not available. Falling back to R Markdown v1.
--- finished re-building ‘introduction.Rmd’
SUMMARY: processing the following file failed:
‘formattable-data-frame.Rmd’
Error: Vignette re-building failed.
Execution halted
Flavor: r-patched-solaris-x86
Version: 0.2.0.1
Check: re-building of vignette outputs
Result: WARN
Error(s) in re-building vignettes:
...
--- re-building ‘formattable-data-frame.Rmd’ using rmarkdown
Warning in engine$weave(file, quiet = quiet, encoding = enc) :
Pandoc (>= 1.12.3) and/or pandoc-citeproc not available. Falling back to R Markdown v1.
Quitting from lines 168-169 (formattable-data-frame.Rmd)
Error: processing vignette 'formattable-data-frame.Rmd' failed with diagnostics:
cannot open the connection
--- failed re-building ‘formattable-data-frame.Rmd’
--- re-building ‘introduction.Rmd’ using rmarkdown
Warning in engine$weave(file, quiet = quiet, encoding = enc) :
Pandoc (>= 1.12.3) and/or pandoc-citeproc not available. Falling back to R Markdown v1.
--- finished re-building ‘introduction.Rmd’
SUMMARY: processing the following file failed:
‘formattable-data-frame.Rmd’
Error: Vignette re-building failed.
Execution halted
Flavor: r-release-osx-x86_64
Version: 0.2.0.1
Check: re-building of vignette outputs
Result: WARN
Error in re-building vignettes:
...
Warning in engine$weave(file, quiet = quiet, encoding = enc) :
Pandoc (>= 1.12.3) and/or pandoc-citeproc not available. Falling back to R Markdown v1.
Quitting from lines 168-169 (formattable-data-frame.Rmd)
Error: processing vignette 'formattable-data-frame.Rmd' failed with diagnostics:
cannot open the connection
Execution halted
Flavor: r-oldrel-osx-x86_64